s - 7. Let p(t) = -4*t + 17. Let g be p(3). Let b(c) = -15*c + 70. Let n be b(g). Give j(n).
-2
Let i(f) = f + 3. Let q(k) = -k**3 + 14*k**2 + 14*k + 21. Let d be q(15). Suppose -63*p = -61*p - d. Calculate i(p).
6
Let t be (-32 - -6)*3/6. Let m(c) = -c**3 - 12*c**2 + 19*c - 2. Calculate m(t).
-80
Let d(v) = -3*v**3 - v**3 + 5*v**3 + 4*v - 3. Let z(k) = -12*k**2 + 870*k - 1276. Let t be z(71). Determine d(t).
13
Let f(y) = -5*y**2 + 4*y - 2. Let m be (3 - (8 - 3))*-1. Let t = 0 + m. Give f(t).
-14
Suppose 146 + 119 = 85*y - 415. Let v(u) = -10*u + 125. Give v(y).
45
Let s(g) = 219*g**2 - 12*g - 6. Let x(d) = -93*d**2 + 6*d + 2. Let z(q) = 3*s(q) + 7*x(q). Calculate z(2).
32
Suppose -5*v - 55 = 209*c - 214*c, 5*v + 49 = -c. Let z(f) = f**2 + 12*f + 31. What is z(v)?
11
Suppose 0 = -20*f + 8*f - 312. Let l be 6/(-39) + 22/f. Let j(w) = -3*w**3 - 2*w**2 - w. Give j(l).
2
Let k(y) = -y**3 - 11*y**2 + 14*y + 10. Let t be (-4)/2 + 350/(-35). Determine k(t).
-14
Let n(g) = -69*g + 5722. Let w be n(83). Let s(p) = -18*p - 82. Calculate s(w).
8
Let c = -239 + 244. Let t(h) = 2*h**3 + 3 - 3*h**3 - 10*h + c + 8*h**2 + 0. Determine t(7).
-13
Suppose 5*s - 45 = -10*s. Let d(v) = 11*v + 12*v + 3*v**2 - s + v**3 - 10*v**2 - 17*v. Give d(5).
-23
Let o(s) = 2*s**2 + 16*s - 14. Let m be o(-11). Let g = -54 + m. Let p(w) = 2*w**3 + 2*w**2 + w + 1. What is p(g)?
-9
Let q(h) = -4*h - 57. Let r be q(-12). Let n(v) = -v - 1. Let w(a) = -5*a + 6. Let x(j) = 6*n(j) - w(j). Calculate x(r).
-3
Let z(g) = -2*g**3 - 18*g**2 + 2*g + 25. Let q(m) = -3*m**3 - 35*m**2 + 3*m + 49. Let t(v) = -3*q(v) + 5*z(v). Let d = -9288 + 9303. What is t(d)?
-7
Let q(t) = 18*t - 8. Let p(u) = 17*u - 7. Let b(y) = 7*p(y) - 6*q(y). Suppose -65 = -7*c + 40. Suppose -5*x - 4*m - 8 = 5, c = -5*x - 5*m. Calculate b(x).
-12
Let z(p) = -6 - 3*p - 1 + 2*p. Suppose -5*n - 3*v + 9 = 0, -v - 3*v = -5*n + 23. Suppose -4 = n*r + 5*s + 37, 0 = -3*s - 12. Give z(r).
0
Suppose -6*z = -0*z - 156. Let n = 32 - z. Let p(l) = -5*l + 9. Calculate p(n).
-21
Let v(g) be the third derivative of g**6/120 + g**5/12 + g**4/4 - g**3/3 - 745*g**2. Suppose -2*q + 1 = 9. What is v(q)?
-10
Let d(n) = -4 - 3810*n + 7643*n - 3832*n + 1. Give d(-1).
-4
Let i be 2/(-20) + (-123)/(-30). Let q(g) = -5*g**2 - 3*g - 38. Let t(m) = 4*m**2 + 4*m + 30. Let a(s) = i*t(s) + 3*q(s). Calculate a(-4).
-6
Let w(x) = -12*x**3 - x**2 + 2*x + 2. Let k be (-3)/(-9) + (-9)/108*4 + -1. Calculate w(k).
11
Let u(q) = 4*q - 2. Let y(i) = -4*i + 1. Let v(w) = 3*u(w) + 5*y(w). Suppose -2 = -17*c + 15. What is v(c)?
-9
Let i be (4 + (-7 - -6))/1. Let q(v) = i*v**2 - 394*v + 394*v - 3 + 0. Calculate q(3).
24
Let q(j) = -2 + 2*j + j**2 - 6 + 5*j. Let n = 52373 - 52382. Give q(n).
10
Let r(u) = 34*u**3 - u**2 - 2*u - 1. Suppose 15 = 29*p - 26*p. Suppose 12*i = -p - 7. Calculate r(i).
-34
Suppose -3*y + l + 25 = 0, -5*l - 45 = -4*y - 2*l. Let j(t) = t**3 - 5*t**2 + 8*t - 18. What is j(y)?
66
Let a(r) be the second derivative of r**5/20 - r**4/3 - 5*r**3/6 - r**2 + 151*r. Let d(i) = 4*i**3 + 3*i - 2. Let f be d(1). Determine a(f).
-2
Suppose 4*o = 5*s + 2*o - 112, 4*s + 4*o - 112 = 0. Let q = s - 18. Let v(x) = -18*x + 19*x + 0*x**2 + x**2 - q*x**3. Give v(-1).
6
Let l(p) = -12*p - 1. Let g(q) = 5*q**2 + 86*q - 77. Let m(k) = 2*k**2 + 29*k - 26. Let u(r) = -3*g(r) + 8*m(r). Let i be u(25). Give l(i).
23
Suppose 39*j = 34*j + 560. Let p be -1 + -1 - (j - -2)/(-3). Suppose -21*r = -25*r + p. Let h(q) = q**2 - 11*q + 11. Calculate h(r).
-7
Let w(v) = -v**2 - 11*v - 10. Let s(n) = 2*n - 24. Let d be s(-5). Let q be 153/d - (-10)/(-4). Calculate w(q).
18
Let i(y) = -2*y**3 + y + 118. Suppose 0 = 209*o - 10*o. Determine i(o).
118
Let b(z) be the first derivative of -2 + 1/4*z**4 + 4*z + 5/3*z**3 + 2*z**2. Let j be (-1)/((-26)/(-8) - 3). What is b(j)?
4
Let r(a) = -a**2 + a + 1. Let l(d) = -d**3 + 3*d**2 - 5*d - 4. Let i(h) = l(h) + 4*r(h). Suppose -32*f = -18*f + 952. Let u be f/60 - (-2)/15. What is i(u)?
1
Let a(s) = 7 + 5*s + 0*s - 2*s. Suppose 4 = -308*g + 304*g. Let n be (g/2)/((-3)/(-30)). Determine a(n).
-8
Let m(k) be the first derivative of k**2/2 - 18*k - 42. Let y be m(12). Let r(t) = -t**3 - 7*t**2 - 7*t + 1. Determine r(y).
7
Let k(j) = 75*j**3 - 18*j**3 - 6*j**2 + 9*j + 9 - 32*j**3 - 26*j**3. Let u be (-30)/(-2)*(-4)/(-12). Suppose u*f + 17 = -a, -4*a + 8 = 2*f + 40. Give k(a).
-5
Let m = 9212 + -9201. Let a(t) = -t**2 + 12*t - 2. Give a(m).
9
Suppose -3*g = -5*r + 5, 0*g + 30 = -5*r - 4*g. Let j(k) = 2*k + 8. Let n(a) = -a - 4. Suppose 7*q - 6*q = 4. Let i(w) = q*j(w) + 7*n(w). Give i(r).
2
Let p(c) = c**2 - c. Let o(q) = q**2 + 3*q - 9. Let m be o(-5). Let g(s) = -3*s**2 - 6*s + 11. Let v(l) = m*g(l) + 4*p(l). Let i = -192 + 200. Give v(i).
-5
Let l(i) = i**2 - 4*i + 5. Suppose -67*z + 72*z = -20, 3*k - 19 = z. Determine l(k).
10
Let w(p) be the third derivative of 5*p**4/3 + 235*p**3/6 - 11907*p**2. Calculate w(-6).
-5
Let f(r) = r**3 + r**2 - 3*r - 3. Let g(w) = 2*w**3 - 57*w**2 + w - 52. Let t be g(28). Let q = -810 - t. What is f(q)?
-1
Let w(a) = -22 + 113*a - 9*a - 66*a - 15*a. Determine w(1).
1
Let n(z) = 107 - z**3 - 12790*z**2 + 25586*z**2 - 12786*z**2 - 11*z. Give n(10).
-3
Let m(d) = 4*d**3 + 8*d**2 + 12*d + 9. Let g(u) = 5*u**3 + 8*u**2 + 13*u + 9. Let f(r) = -3*g(r) + 4*m(r). Let v be -2 + (17/(-4) - 3/4). What is f(v)?
-5
Suppose -2810 = -325*u - 860. Let b(h) = -10*h + 68. What is b(u)?
8
Let f(l) = -l + l**2 - 2*l + 4*l + 10. Let y(v) = -5*v**2 + 103*v + 154. Let z be y(22). Give f(z).
10
Let z(y) = 4*y**2 - y. Let v = 28 - 18. Let q be (48/v)/(9/30). Suppose q = -4*g, -4*i + 16 = 6*g - 11*g. Determine z(i).
5
Let t(j) = -4*j - 17133 - 40*j + 17041 - j. Calculate t(-2).
-2
Let c(u) be the third derivative of u**4/6 - 30*u**3 + 27*u**2 - 2*u. Give c(43).
-8
Suppose -3*f - 5*y + 72 + 49 = 0, 2*f - 74 = -2*y. Let p = f - 34. Let n(u) = -5*u + 3*u - 19 + 11*u + 3*u + 18. Calculate n(p).
-25
Let g(h) = -h**3 - 8*h**2. Let f be g(-8). Let u(a) = -16*a - 38. Let t(w) = 19*w + 46. Let y(p) = -5*t(p) - 6*u(p). Give y(f).
-2
Let y(r) = 3*r + 44. Let j be y(-14). Suppose -6*k = -3*o - j*k + 144, -4*o = 5*k - 161. Let l(v) = 2*v - v + 40 - o. Determine l(2).
-2
Let y(a) = -13761 + 27560 - 29*a - 6*a**2 - 13772. Determine y(-6).
-15
Let t(a) = 101*a + 7371. Let h be t(-73). Let x(w) be the third derivative of 1/6*w**3 + 0*w - w**2 + 0 + 1/24*w**4. Determine x(h).
-1
Let a(p) = 3*p**2 + 32*p - 7. Suppose 0 = 5*c + o + 59, -3*c + 4*c - 1 = 3*o. Give a(c).
4
Let i(k) be the second derivative of -k**5/20 + 7*k**3/3 - 5*k**2/2 - 1910*k. Calculate i(4).
-13
Let i(u) = u**2 - 3*u + 5. Let k = -83 + 83. Suppose 3*t - 8*t + 55 = k. Suppose 4*d - 9 = t. Determine i(d).
15
Let h(g) = -g**3 - 9*g**2 - 10*g - 11. Suppose 9*x + 870 = 19*x. Let m = x - 95. Give h(m).
5
Let j(x) = 2 + 4*x - x**2 + 1 + 3. Suppose -1 + 46 = -v + 3*q, 0 = 5*v - 2*q + 186. Let m = v + 42. What is j(m)?
-6
Suppose 9*d = 12*d - 9. Suppose 23 = 3*l + 4*j, 0*l = 3*l - j - 28. Let z(c) = c + l*c**2 + 4 - 1 - 10*c**2 + 2*c. Calculate z(d).
3
Let q(r) be the first derivative of r**4/2 + 4*r**3/3 - r**2 + 18*r + 3263. Calculate q(-3).
6
Let d(p) = -12*p**2 + 2*p - 1. Suppose 0 = 5*x + b + 5, -2*x + 3*b + 2*b + 25 = 0. Suppose x = 3*f - 51 - 51. Let y = 35 - f. What is d(y)?
-11
Let q(p) be the second derivative of 1/6*p**4 + 22*p + 0 + 0*p**3 - p**2. Give q(2).
6
Let q(k) be the first derivative of 2*k**2 - 50*k - 281. Determine q(9).
-14
Let s(k) = 3*k - 7. Let c(m) = -2*m**3 - 1. Let o be c(2). Let r(f) = -8*f + 20. Let j(w) = o*s(w) - 6*r(w). Let d be 4/(-8)*(2 + 2/1). Give j(d).
5
Let s(i) = 126*i - 14. Let n(f) = -23*f + 3. Let x(a) = 22*n(a) + 4*s(a). Let v = -1 + 8. Give x(v).
-4
Let i(d) be the first derivative of -d**6/360 + d**5/120 + d**4/24 - d**3/3 - 1. Let k(h) be the third derivative of i(h). Let c = -633 - -636. Determine k(c).
-5
Let c = -61 - -65. Let q = -137 - -431. Let b(u) = -q - 294 + u + 583. Give b(c).
-1
Let o(d) be the second derivative of -5*d**4/6 - 2*d**3/3 - d**2 - 10*d + 26. Give o(-1).
-8
Suppose 4*y = -5*j - 2, j + 13 = -2*y - 3*y. Suppose -5*p - 9 = j*u - 3, 0 = 4*u - 3*p + 12. Let v(f) = 2*f**2 + 2*f + 1. Calculate v(u).
13
Let a(m) = m - 1. Suppo